{"id":308,"date":"2025-10-28T20:44:13","date_gmt":"2025-10-28T19:44:13","guid":{"rendered":"https:\/\/zielonezanurzenie.pl\/?page_id=308"},"modified":"2025-11-13T14:23:19","modified_gmt":"2025-11-13T13:23:19","slug":"kapiele-lesne","status":"publish","type":"page","link":"https:\/\/zielonezanurzenie.pl\/?page_id=308","title":{"rendered":"K\u0105piele le\u015bne"},"content":{"rendered":"<p><strong>Pocz\u0105tek<\/strong>. Razem z m\u0119\u017cem i c\u00f3rkami zamieszkali\u015bmy pod lasem, tworz\u0105c miejsce, w kt\u00f3rym codziennie do\u015bwiadczamy blisko\u015bci natury. Nasz dom i ogr\u00f3d to azyl dla zwierz\u0105t \u2013 zar\u00f3wno hodowlanych, jak i dzikich, kt\u00f3re by\u0142y tu na d\u0142ugo przed nami. \u017bycie w tak bliskim kontakcie z przyrod\u0105 pozwala nam nieustannie odkrywa\u0107 bogactwo lokalnych ekosystem\u00f3w oraz zg\u0142\u0119bia\u0107 wiedz\u0119 o zio\u0142ach i ich w\u0142a\u015bciwo\u015bciach.<\/p><p><strong>Dlaczego zosta\u0142am przewodniczk\u0105 k\u0105pieli le\u015bnych?<\/strong><br>Zanurzenie si\u0119 w lesie wszystkimi zmys\u0142ami, odkrywanie jego subtelnych d\u017awi\u0119k\u00f3w, zapach\u00f3w i faktur to co\u015b wi\u0119cej ni\u017c spacer \u2013 to droga do g\u0142\u0119bokiej harmonii z samym sob\u0105 i otaczaj\u0105cym \u015bwiatem. Pragn\u0119 dzieli\u0107 si\u0119 tym do\u015bwiadczeniem z innymi, pokazuj\u0105c, jak bliski kontakt z natur\u0105 mo\u017ce wp\u0142ywa\u0107 na nasze zdrowie i samopoczucie.<\/p><p><strong>Zapraszam Ciebie, Twoj\u0105 rodzin\u0119, znajomych czy wsp\u00f3\u0142pracownik\u00f3w<\/strong> na wyj\u0105tkowe spotkanie z natur\u0105. Poka\u017c\u0119, jak zanurzy\u0107 si\u0119 w lesie wszystkimi zmys\u0142ami, do\u015bwiadczy\u0107 jego pi\u0119kna i odnale\u017a\u0107 spok\u00f3j oraz r\u00f3wnowag\u0119. Podziel\u0119 si\u0119 tak\u017ce wiedz\u0105 o rodzimej florze i faunie, aby\u015bcie mogli jeszcze pe\u0142niej poczu\u0107 blisko\u015b\u0107 przyrody.<\/p><p>Do zobaczenia w lesie!<\/p><figure class=\"wp-block-boldblocks-youtube-block\"><div id=\"yb-video-wawiSKl4OSI\" class=\"yb-player\" data-video-id=\"wawiSKl4OSI\" data-title=\"Play\" style=\"background-image:url(https:\/\/img.youtube.com\/vi\/wawiSKl4OSI\/hqdefault.jpg)\"><button type=\"button\" class=\"yb-btn-play\"><span class=\"visually-hidden\">Play<\/span><\/button><\/div><figcaption class=\"yb-caption\">K\u0105piele le\u015bne z przewodnikiem #zielonezanurzenie #k\u0105pielele\u015bne #las #spacer #zdrowie #shinrinyoku<\/figcaption><\/figure><figure class=\"wp-block-boldblocks-youtube-block\"><div id=\"yb-video-BIT24I8mERw\" class=\"yb-player\" data-video-id=\"BIT24I8mERw\" data-title=\"Play\" style=\"background-image:url(https:\/\/img.youtube.com\/vi\/BIT24I8mERw\/hqdefault.jpg)\"><button type=\"button\" class=\"yb-btn-play\"><span class=\"visually-hidden\">Play<\/span><\/button><\/div><figcaption class=\"yb-caption\">K\u0105piel le\u015bna z zielonezanurzenie.pl, wrzesie\u0144 2025 #nature #shinrinyoku #zdrowie #zdrowiepsychiczne<\/figcaption><\/figure>","protected":false},"excerpt":{"rendered":"<p>Pocz\u0105tek. Razem z m\u0119\u017cem i c\u00f3rkami zamieszkali\u015bmy pod lasem, tworz\u0105c miejsce, w kt\u00f3rym codziennie do\u015bwiadczamy blisko\u015bci natury. Nasz dom i ogr\u00f3d to azyl dla zwierz\u0105t \u2013 zar\u00f3wno hodowlanych, jak i dzikich, kt\u00f3re by\u0142y tu na d\u0142ugo przed nami. \u017bycie w tak bliskim kontakcie z przyrod\u0105 pozwala nam nieustannie odkrywa\u0107 bogactwo lokalnych ekosystem\u00f3w oraz zg\u0142\u0119bia\u0107 wiedz\u0119 &hellip; <\/p>\n<p class=\"link-more\"><a href=\"https:\/\/zielonezanurzenie.pl\/?page_id=308\" class=\"more-link\">Czytaj dalej<span class=\"screen-reader-text\"> \u201eK\u0105piele le\u015bne\u201d<\/span><\/a><\/p>\n","protected":false},"author":1,"featured_media":16,"parent":0,"menu_order":0,"comment_status":"closed","ping_status":"closed","template":"","meta":{"footnotes":""},"class_list":["post-308","page","type-page","status-publish","has-post-thumbnail","hentry"],"yoast_head":"<!-- This site is optimized with the Yoast SEO plugin v23.9 - https:\/\/yoast.com\/wordpress\/plugins\/seo\/ -->\n<title>K\u0105piele le\u015bne - zielone zanurzenie<\/title>\n<meta name=\"robots\" content=\"index, follow, max-snippet:-1, max-image-preview:large, max-video-preview:-1\" \/>\n<link rel=\"canonical\" href=\"https:\/\/zielonezanurzenie.pl\/?page_id=308\" \/>\n<meta property=\"og:locale\" content=\"pl_PL\" \/>\n<meta property=\"og:type\" content=\"article\" \/>\n<meta property=\"og:title\" content=\"K\u0105piele le\u015bne - zielone zanurzenie\" \/>\n<meta property=\"og:description\" content=\"Pocz\u0105tek. Razem z m\u0119\u017cem i c\u00f3rkami zamieszkali\u015bmy pod lasem, tworz\u0105c miejsce, w kt\u00f3rym codziennie do\u015bwiadczamy blisko\u015bci natury. Nasz dom i ogr\u00f3d to azyl dla zwierz\u0105t \u2013 zar\u00f3wno hodowlanych, jak i dzikich, kt\u00f3re by\u0142y tu na d\u0142ugo przed nami. \u017bycie w tak bliskim kontakcie z przyrod\u0105 pozwala nam nieustannie odkrywa\u0107 bogactwo lokalnych ekosystem\u00f3w oraz zg\u0142\u0119bia\u0107 wiedz\u0119 &hellip; Czytaj dalej \u201eK\u0105piele le\u015bne\u201d\" \/>\n<meta property=\"og:url\" content=\"https:\/\/zielonezanurzenie.pl\/?page_id=308\" \/>\n<meta property=\"og:site_name\" content=\"zielone zanurzenie\" \/>\n<meta property=\"article:publisher\" content=\"https:\/\/www.facebook.com\/profile.php?id=61573322280283\" \/>\n<meta property=\"article:modified_time\" content=\"2025-11-13T13:23:19+00:00\" \/>\n<meta property=\"og:image\" content=\"https:\/\/zielonezanurzenie.pl\/wp-content\/uploads\/2024\/11\/IMG_0380a-scaled.jpg\" \/>\n\t<meta property=\"og:image:width\" content=\"2560\" \/>\n\t<meta property=\"og:image:height\" content=\"1707\" \/>\n\t<meta property=\"og:image:type\" content=\"image\/jpeg\" \/>\n<meta name=\"twitter:card\" content=\"summary_large_image\" \/>\n<meta name=\"twitter:label1\" content=\"Szacowany czas czytania\" \/>\n\t<meta name=\"twitter:data1\" content=\"2 minuty\" \/>\n<script type=\"application\/ld+json\" class=\"yoast-schema-graph\">{\"@context\":\"https:\/\/schema.org\",\"@graph\":[{\"@type\":\"WebPage\",\"@id\":\"https:\/\/zielonezanurzenie.pl\/?page_id=308\",\"url\":\"https:\/\/zielonezanurzenie.pl\/?page_id=308\",\"name\":\"K\u0105piele le\u015bne - zielone zanurzenie\",\"isPartOf\":{\"@id\":\"https:\/\/zielonezanurzenie.pl\/#website\"},\"primaryImageOfPage\":{\"@id\":\"https:\/\/zielonezanurzenie.pl\/?page_id=308#primaryimage\"},\"image\":{\"@id\":\"https:\/\/zielonezanurzenie.pl\/?page_id=308#primaryimage\"},\"thumbnailUrl\":\"https:\/\/zielonezanurzenie.pl\/wp-content\/uploads\/2024\/11\/IMG_0380a-scaled.jpg\",\"datePublished\":\"2025-10-28T19:44:13+00:00\",\"dateModified\":\"2025-11-13T13:23:19+00:00\",\"breadcrumb\":{\"@id\":\"https:\/\/zielonezanurzenie.pl\/?page_id=308#breadcrumb\"},\"inLanguage\":\"pl-PL\",\"potentialAction\":[{\"@type\":\"ReadAction\",\"target\":[\"https:\/\/zielonezanurzenie.pl\/?page_id=308\"]}]},{\"@type\":\"ImageObject\",\"inLanguage\":\"pl-PL\",\"@id\":\"https:\/\/zielonezanurzenie.pl\/?page_id=308#primaryimage\",\"url\":\"https:\/\/zielonezanurzenie.pl\/wp-content\/uploads\/2024\/11\/IMG_0380a-scaled.jpg\",\"contentUrl\":\"https:\/\/zielonezanurzenie.pl\/wp-content\/uploads\/2024\/11\/IMG_0380a-scaled.jpg\",\"width\":2560,\"height\":1707},{\"@type\":\"BreadcrumbList\",\"@id\":\"https:\/\/zielonezanurzenie.pl\/?page_id=308#breadcrumb\",\"itemListElement\":[{\"@type\":\"ListItem\",\"position\":1,\"name\":\"Home\",\"item\":\"https:\/\/zielonezanurzenie.pl\/\"},{\"@type\":\"ListItem\",\"position\":2,\"name\":\"K\u0105piele le\u015bne\"}]},{\"@type\":\"WebSite\",\"@id\":\"https:\/\/zielonezanurzenie.pl\/#website\",\"url\":\"https:\/\/zielonezanurzenie.pl\/\",\"name\":\"zielone zanurzenie\",\"description\":\"Zanurz si\u0119 w zieleni razem z naszym wsparciem. Odkryj swoj\u0105 \u015bcie\u017ck\u0119 wsp\u00f3\u0142pracy \u2013 od projektu przestrzeni, przez kontakt z natur\u0105, po sztuk\u0119 inspirowan\u0105 jej pi\u0119knem.\",\"publisher\":{\"@id\":\"https:\/\/zielonezanurzenie.pl\/#organization\"},\"alternateName\":\"k\u0105piele le\u015bne ZZ\",\"potentialAction\":[{\"@type\":\"SearchAction\",\"target\":{\"@type\":\"EntryPoint\",\"urlTemplate\":\"https:\/\/zielonezanurzenie.pl\/?s={search_term_string}\"},\"query-input\":{\"@type\":\"PropertyValueSpecification\",\"valueRequired\":true,\"valueName\":\"search_term_string\"}}],\"inLanguage\":\"pl-PL\"},{\"@type\":\"Organization\",\"@id\":\"https:\/\/zielonezanurzenie.pl\/#organization\",\"name\":\"zielone zanurzenie\",\"url\":\"https:\/\/zielonezanurzenie.pl\/\",\"logo\":{\"@type\":\"ImageObject\",\"inLanguage\":\"pl-PL\",\"@id\":\"https:\/\/zielonezanurzenie.pl\/#\/schema\/logo\/image\/\",\"url\":\"https:\/\/zielonezanurzenie.pl\/wp-content\/uploads\/2024\/11\/Projekt-bez-nazwy-1.jpg\",\"contentUrl\":\"https:\/\/zielonezanurzenie.pl\/wp-content\/uploads\/2024\/11\/Projekt-bez-nazwy-1.jpg\",\"width\":500,\"height\":500,\"caption\":\"zielone zanurzenie\"},\"image\":{\"@id\":\"https:\/\/zielonezanurzenie.pl\/#\/schema\/logo\/image\/\"},\"sameAs\":[\"https:\/\/www.facebook.com\/profile.php?id=61573322280283\",\"https:\/\/pl.pinterest.com\/ZZieloneZanurzenie\/\",\"https:\/\/www.instagram.com\/kapielelesne_zz\/\",\"https:\/\/www.youtube.com\/@KpieleleneZZ\"]}]}<\/script>\n<!-- \/ Yoast SEO plugin. -->","yoast_head_json":{"title":"K\u0105piele le\u015bne - zielone zanurzenie","robots":{"index":"index","follow":"follow","max-snippet":"max-snippet:-1","max-image-preview":"max-image-preview:large","max-video-preview":"max-video-preview:-1"},"canonical":"https:\/\/zielonezanurzenie.pl\/?page_id=308","og_locale":"pl_PL","og_type":"article","og_title":"K\u0105piele le\u015bne - zielone zanurzenie","og_description":"Pocz\u0105tek. Razem z m\u0119\u017cem i c\u00f3rkami zamieszkali\u015bmy pod lasem, tworz\u0105c miejsce, w kt\u00f3rym codziennie do\u015bwiadczamy blisko\u015bci natury. Nasz dom i ogr\u00f3d to azyl dla zwierz\u0105t \u2013 zar\u00f3wno hodowlanych, jak i dzikich, kt\u00f3re by\u0142y tu na d\u0142ugo przed nami. \u017bycie w tak bliskim kontakcie z przyrod\u0105 pozwala nam nieustannie odkrywa\u0107 bogactwo lokalnych ekosystem\u00f3w oraz zg\u0142\u0119bia\u0107 wiedz\u0119 &hellip; Czytaj dalej \u201eK\u0105piele le\u015bne\u201d","og_url":"https:\/\/zielonezanurzenie.pl\/?page_id=308","og_site_name":"zielone zanurzenie","article_publisher":"https:\/\/www.facebook.com\/profile.php?id=61573322280283","article_modified_time":"2025-11-13T13:23:19+00:00","og_image":[{"width":2560,"height":1707,"url":"https:\/\/zielonezanurzenie.pl\/wp-content\/uploads\/2024\/11\/IMG_0380a-scaled.jpg","type":"image\/jpeg"}],"twitter_card":"summary_large_image","twitter_misc":{"Szacowany czas czytania":"2 minuty"},"schema":{"@context":"https:\/\/schema.org","@graph":[{"@type":"WebPage","@id":"https:\/\/zielonezanurzenie.pl\/?page_id=308","url":"https:\/\/zielonezanurzenie.pl\/?page_id=308","name":"K\u0105piele le\u015bne - zielone zanurzenie","isPartOf":{"@id":"https:\/\/zielonezanurzenie.pl\/#website"},"primaryImageOfPage":{"@id":"https:\/\/zielonezanurzenie.pl\/?page_id=308#primaryimage"},"image":{"@id":"https:\/\/zielonezanurzenie.pl\/?page_id=308#primaryimage"},"thumbnailUrl":"https:\/\/zielonezanurzenie.pl\/wp-content\/uploads\/2024\/11\/IMG_0380a-scaled.jpg","datePublished":"2025-10-28T19:44:13+00:00","dateModified":"2025-11-13T13:23:19+00:00","breadcrumb":{"@id":"https:\/\/zielonezanurzenie.pl\/?page_id=308#breadcrumb"},"inLanguage":"pl-PL","potentialAction":[{"@type":"ReadAction","target":["https:\/\/zielonezanurzenie.pl\/?page_id=308"]}]},{"@type":"ImageObject","inLanguage":"pl-PL","@id":"https:\/\/zielonezanurzenie.pl\/?page_id=308#primaryimage","url":"https:\/\/zielonezanurzenie.pl\/wp-content\/uploads\/2024\/11\/IMG_0380a-scaled.jpg","contentUrl":"https:\/\/zielonezanurzenie.pl\/wp-content\/uploads\/2024\/11\/IMG_0380a-scaled.jpg","width":2560,"height":1707},{"@type":"BreadcrumbList","@id":"https:\/\/zielonezanurzenie.pl\/?page_id=308#breadcrumb","itemListElement":[{"@type":"ListItem","position":1,"name":"Home","item":"https:\/\/zielonezanurzenie.pl\/"},{"@type":"ListItem","position":2,"name":"K\u0105piele le\u015bne"}]},{"@type":"WebSite","@id":"https:\/\/zielonezanurzenie.pl\/#website","url":"https:\/\/zielonezanurzenie.pl\/","name":"zielone zanurzenie","description":"Zanurz si\u0119 w zieleni razem z naszym wsparciem. Odkryj swoj\u0105 \u015bcie\u017ck\u0119 wsp\u00f3\u0142pracy \u2013 od projektu przestrzeni, przez kontakt z natur\u0105, po sztuk\u0119 inspirowan\u0105 jej pi\u0119knem.","publisher":{"@id":"https:\/\/zielonezanurzenie.pl\/#organization"},"alternateName":"k\u0105piele le\u015bne ZZ","potentialAction":[{"@type":"SearchAction","target":{"@type":"EntryPoint","urlTemplate":"https:\/\/zielonezanurzenie.pl\/?s={search_term_string}"},"query-input":{"@type":"PropertyValueSpecification","valueRequired":true,"valueName":"search_term_string"}}],"inLanguage":"pl-PL"},{"@type":"Organization","@id":"https:\/\/zielonezanurzenie.pl\/#organization","name":"zielone zanurzenie","url":"https:\/\/zielonezanurzenie.pl\/","logo":{"@type":"ImageObject","inLanguage":"pl-PL","@id":"https:\/\/zielonezanurzenie.pl\/#\/schema\/logo\/image\/","url":"https:\/\/zielonezanurzenie.pl\/wp-content\/uploads\/2024\/11\/Projekt-bez-nazwy-1.jpg","contentUrl":"https:\/\/zielonezanurzenie.pl\/wp-content\/uploads\/2024\/11\/Projekt-bez-nazwy-1.jpg","width":500,"height":500,"caption":"zielone zanurzenie"},"image":{"@id":"https:\/\/zielonezanurzenie.pl\/#\/schema\/logo\/image\/"},"sameAs":["https:\/\/www.facebook.com\/profile.php?id=61573322280283","https:\/\/pl.pinterest.com\/ZZieloneZanurzenie\/","https:\/\/www.instagram.com\/kapielelesne_zz\/","https:\/\/www.youtube.com\/@KpieleleneZZ"]}]}},"jetpack_sharing_enabled":true,"_links":{"self":[{"href":"https:\/\/zielonezanurzenie.pl\/index.php?rest_route=\/wp\/v2\/pages\/308","targetHints":{"allow":["GET"]}}],"collection":[{"href":"https:\/\/zielonezanurzenie.pl\/index.php?rest_route=\/wp\/v2\/pages"}],"about":[{"href":"https:\/\/zielonezanurzenie.pl\/index.php?rest_route=\/wp\/v2\/types\/page"}],"author":[{"embeddable":true,"href":"https:\/\/zielonezanurzenie.pl\/index.php?rest_route=\/wp\/v2\/users\/1"}],"replies":[{"embeddable":true,"href":"https:\/\/zielonezanurzenie.pl\/index.php?rest_route=%2Fwp%2Fv2%2Fcomments&post=308"}],"version-history":[{"count":7,"href":"https:\/\/zielonezanurzenie.pl\/index.php?rest_route=\/wp\/v2\/pages\/308\/revisions"}],"predecessor-version":[{"id":499,"href":"https:\/\/zielonezanurzenie.pl\/index.php?rest_route=\/wp\/v2\/pages\/308\/revisions\/499"}],"wp:featuredmedia":[{"embeddable":true,"href":"https:\/\/zielonezanurzenie.pl\/index.php?rest_route=\/wp\/v2\/media\/16"}],"wp:attachment":[{"href":"https:\/\/zielonezanurzenie.pl\/index.php?rest_route=%2Fwp%2Fv2%2Fmedia&parent=308"}],"curies":[{"name":"wp","href":"https:\/\/api.w.org\/{rel}","templated":true}]}}