{"id":24,"date":"2024-11-22T23:57:25","date_gmt":"2024-11-22T22:57:25","guid":{"rendered":"http:\/\/zielonezanurzenie.pl\/?page_id=24"},"modified":"2025-03-27T13:07:47","modified_gmt":"2025-03-27T12:07:47","slug":"informacje","status":"publish","type":"page","link":"https:\/\/zielonezanurzenie.pl\/?page_id=24","title":{"rendered":"Nasza oferta"},"content":{"rendered":"<p><strong>Oferta K\u0105pieli Le\u015bnych<\/strong><\/p><p>Zapraszam Ci\u0119 na niezapomniane spotkanie z natur\u0105! Um\u00f3w si\u0119 na k\u0105piel le\u015bn\u0105 z przewodnikiem \u2013 mo\u017cesz wybra\u0107 opcj\u0119 indywidualn\u0105 lub opcj\u0119 udzia\u0142u w k\u0105pieli le\u015bnej grupowej, dopasowan\u0105 do Twoich potrzeb.<\/p><p><strong>Dlaczego warto?<\/strong><\/p><ul class=\"wp-block-list\"><li><strong>Relaks i regeneracja:<\/strong> Odkryj g\u0142\u0119bok\u0105 harmoni\u0119 z otaczaj\u0105c\u0105 przyrod\u0105.<\/li>\n\n<li><strong>Elastyczno\u015b\u0107:<\/strong> Wybierz dogodny termin oraz lokalizacj\u0119 odpowiadaj\u0105c\u0105 Twoim oczekiwaniom.<\/li>\n\n<li><strong>Prezent dla bliskiej osoby:<\/strong> Podaruj niebanalny upominek, kt\u00f3ry pozwoli obdarowanej osobie na regeneracj\u0119 i oddech od codzienno\u015bci.<\/li><\/ul><p><strong>Cennik:<\/strong><\/p><ul class=\"wp-block-list\"><li><strong>Udzia\u0142 w k\u0105pieli le\u015bnej grupowej (max. 15 os\u00f3b):<\/strong> 90 z\u0142\/os.<\/li><\/ul><p>Podane ceny obowi\u0105zuj\u0105 na <strong>terenie powiatu zielonog\u00f3rskiego, woj. lubuskie<\/strong>.<\/p><p><strong>Indywidualna wycena<\/strong><br>Zapraszam do kontaktu:<\/p><ul class=\"wp-block-list\"><li>Je\u015bli planujesz um\u00f3wi\u0107 <strong>ca\u0142\u0105 grup\u0119<\/strong> \u2013 wsp\u00f3lnie ustalimy najlepsz\u0105 cen\u0119 dla Waszej liczby uczestnik\u00f3w.<\/li>\n\n<li>Je\u015bli jeste\u015b zainteresowany k\u0105piel\u0105 le\u015bn\u0105 w <strong>innej lokalizacji<\/strong> \u2013 dzia\u0142am na terenie ca\u0142ej zachodniej Polski (woj. lubuskie, zachodniopomorskie oraz dolno\u015bl\u0105skie). Cena b\u0119dzie dostosowana do miejsca spotkania.<\/li><\/ul><p>Skontaktuj si\u0119 ze mn\u0105 ju\u017c dzi\u015b, aby um\u00f3wi\u0107 si\u0119 na k\u0105piel le\u015bn\u0105 w najwygodniejszej dla Ciebie lokalizacji i terminie. Zainwestuj w siebie i pozw\u00f3l sobie na chwil\u0119 g\u0142\u0119bokiego relaksu w otoczeniu przyrody!<\/p><p>tel. 661324185<\/p><p>kontakt@zielonezanurzenie.pl<\/p><p><\/p><p><\/p><p><\/p><p><\/p><p><\/p>","protected":false},"excerpt":{"rendered":"<p>Oferta K\u0105pieli Le\u015bnych Zapraszam Ci\u0119 na niezapomniane spotkanie z natur\u0105! Um\u00f3w si\u0119 na k\u0105piel le\u015bn\u0105 z przewodnikiem \u2013 mo\u017cesz wybra\u0107 opcj\u0119 indywidualn\u0105 lub opcj\u0119 udzia\u0142u w k\u0105pieli le\u015bnej grupowej, dopasowan\u0105 do Twoich potrzeb. Dlaczego warto? Cennik: Podane ceny obowi\u0105zuj\u0105 na terenie powiatu zielonog\u00f3rskiego, woj. lubuskie. Indywidualna wycenaZapraszam do kontaktu: Skontaktuj si\u0119 ze mn\u0105 ju\u017c dzi\u015b, &hellip; <\/p>\n<p class=\"link-more\"><a href=\"https:\/\/zielonezanurzenie.pl\/?page_id=24\" class=\"more-link\">Czytaj dalej<span class=\"screen-reader-text\"> \u201eNasza oferta\u201d<\/span><\/a><\/p>\n","protected":false},"author":1,"featured_media":50,"parent":0,"menu_order":0,"comment_status":"closed","ping_status":"closed","template":"","meta":{"footnotes":""},"class_list":["post-24","page","type-page","status-publish","has-post-thumbnail","hentry"],"yoast_head":"<!-- This site is optimized with the Yoast SEO plugin v23.9 - https:\/\/yoast.com\/wordpress\/plugins\/seo\/ -->\n<title>Nasza oferta - zielone zanurzenie<\/title>\n<meta name=\"robots\" content=\"index, follow, max-snippet:-1, max-image-preview:large, max-video-preview:-1\" \/>\n<link rel=\"canonical\" href=\"https:\/\/zielonezanurzenie.pl\/?page_id=24\" \/>\n<meta property=\"og:locale\" content=\"pl_PL\" \/>\n<meta property=\"og:type\" content=\"article\" \/>\n<meta property=\"og:title\" content=\"Nasza oferta - zielone zanurzenie\" \/>\n<meta property=\"og:description\" content=\"Oferta K\u0105pieli Le\u015bnych Zapraszam Ci\u0119 na niezapomniane spotkanie z natur\u0105! Um\u00f3w si\u0119 na k\u0105piel le\u015bn\u0105 z przewodnikiem \u2013 mo\u017cesz wybra\u0107 opcj\u0119 indywidualn\u0105 lub opcj\u0119 udzia\u0142u w k\u0105pieli le\u015bnej grupowej, dopasowan\u0105 do Twoich potrzeb. Dlaczego warto? Cennik: Podane ceny obowi\u0105zuj\u0105 na terenie powiatu zielonog\u00f3rskiego, woj. lubuskie. Indywidualna wycenaZapraszam do kontaktu: Skontaktuj si\u0119 ze mn\u0105 ju\u017c dzi\u015b, &hellip; Czytaj dalej \u201eNasza oferta\u201d\" \/>\n<meta property=\"og:url\" content=\"https:\/\/zielonezanurzenie.pl\/?page_id=24\" \/>\n<meta property=\"og:site_name\" content=\"zielone zanurzenie\" \/>\n<meta property=\"article:publisher\" content=\"https:\/\/www.facebook.com\/profile.php?id=61573322280283\" \/>\n<meta property=\"article:modified_time\" content=\"2025-03-27T12:07:47+00:00\" \/>\n<meta property=\"og:image\" content=\"https:\/\/zielonezanurzenie.pl\/wp-content\/uploads\/2024\/11\/cropped-IMG_0380a-scaled-1.jpg\" \/>\n\t<meta property=\"og:image:width\" content=\"2000\" \/>\n\t<meta property=\"og:image:height\" content=\"1198\" \/>\n\t<meta property=\"og:image:type\" content=\"image\/jpeg\" \/>\n<meta name=\"twitter:card\" content=\"summary_large_image\" \/>\n<meta name=\"twitter:label1\" content=\"Szacowany czas czytania\" \/>\n\t<meta name=\"twitter:data1\" content=\"2 minuty\" \/>\n<script type=\"application\/ld+json\" class=\"yoast-schema-graph\">{\"@context\":\"https:\/\/schema.org\",\"@graph\":[{\"@type\":\"WebPage\",\"@id\":\"https:\/\/zielonezanurzenie.pl\/?page_id=24\",\"url\":\"https:\/\/zielonezanurzenie.pl\/?page_id=24\",\"name\":\"Nasza oferta - zielone zanurzenie\",\"isPartOf\":{\"@id\":\"https:\/\/zielonezanurzenie.pl\/#website\"},\"primaryImageOfPage\":{\"@id\":\"https:\/\/zielonezanurzenie.pl\/?page_id=24#primaryimage\"},\"image\":{\"@id\":\"https:\/\/zielonezanurzenie.pl\/?page_id=24#primaryimage\"},\"thumbnailUrl\":\"https:\/\/zielonezanurzenie.pl\/wp-content\/uploads\/2024\/11\/cropped-IMG_0380a-scaled-1.jpg\",\"datePublished\":\"2024-11-22T22:57:25+00:00\",\"dateModified\":\"2025-03-27T12:07:47+00:00\",\"breadcrumb\":{\"@id\":\"https:\/\/zielonezanurzenie.pl\/?page_id=24#breadcrumb\"},\"inLanguage\":\"pl-PL\",\"potentialAction\":[{\"@type\":\"ReadAction\",\"target\":[\"https:\/\/zielonezanurzenie.pl\/?page_id=24\"]}]},{\"@type\":\"ImageObject\",\"inLanguage\":\"pl-PL\",\"@id\":\"https:\/\/zielonezanurzenie.pl\/?page_id=24#primaryimage\",\"url\":\"https:\/\/zielonezanurzenie.pl\/wp-content\/uploads\/2024\/11\/cropped-IMG_0380a-scaled-1.jpg\",\"contentUrl\":\"https:\/\/zielonezanurzenie.pl\/wp-content\/uploads\/2024\/11\/cropped-IMG_0380a-scaled-1.jpg\",\"width\":2000,\"height\":1198},{\"@type\":\"BreadcrumbList\",\"@id\":\"https:\/\/zielonezanurzenie.pl\/?page_id=24#breadcrumb\",\"itemListElement\":[{\"@type\":\"ListItem\",\"position\":1,\"name\":\"Home\",\"item\":\"https:\/\/zielonezanurzenie.pl\/\"},{\"@type\":\"ListItem\",\"position\":2,\"name\":\"Nasza oferta\"}]},{\"@type\":\"WebSite\",\"@id\":\"https:\/\/zielonezanurzenie.pl\/#website\",\"url\":\"https:\/\/zielonezanurzenie.pl\/\",\"name\":\"zielone zanurzenie\",\"description\":\"Zanurz si\u0119 w zieleni razem z naszym wsparciem. Odkryj swoj\u0105 \u015bcie\u017ck\u0119 wsp\u00f3\u0142pracy \u2013 od projektu przestrzeni, przez kontakt z natur\u0105, po sztuk\u0119 inspirowan\u0105 jej pi\u0119knem.\",\"publisher\":{\"@id\":\"https:\/\/zielonezanurzenie.pl\/#organization\"},\"alternateName\":\"k\u0105piele le\u015bne ZZ\",\"potentialAction\":[{\"@type\":\"SearchAction\",\"target\":{\"@type\":\"EntryPoint\",\"urlTemplate\":\"https:\/\/zielonezanurzenie.pl\/?s={search_term_string}\"},\"query-input\":{\"@type\":\"PropertyValueSpecification\",\"valueRequired\":true,\"valueName\":\"search_term_string\"}}],\"inLanguage\":\"pl-PL\"},{\"@type\":\"Organization\",\"@id\":\"https:\/\/zielonezanurzenie.pl\/#organization\",\"name\":\"zielone zanurzenie\",\"url\":\"https:\/\/zielonezanurzenie.pl\/\",\"logo\":{\"@type\":\"ImageObject\",\"inLanguage\":\"pl-PL\",\"@id\":\"https:\/\/zielonezanurzenie.pl\/#\/schema\/logo\/image\/\",\"url\":\"https:\/\/zielonezanurzenie.pl\/wp-content\/uploads\/2024\/11\/Projekt-bez-nazwy-1.jpg\",\"contentUrl\":\"https:\/\/zielonezanurzenie.pl\/wp-content\/uploads\/2024\/11\/Projekt-bez-nazwy-1.jpg\",\"width\":500,\"height\":500,\"caption\":\"zielone zanurzenie\"},\"image\":{\"@id\":\"https:\/\/zielonezanurzenie.pl\/#\/schema\/logo\/image\/\"},\"sameAs\":[\"https:\/\/www.facebook.com\/profile.php?id=61573322280283\",\"https:\/\/pl.pinterest.com\/ZZieloneZanurzenie\/\",\"https:\/\/www.instagram.com\/kapielelesne_zz\/\",\"https:\/\/www.youtube.com\/@KpieleleneZZ\"]}]}<\/script>\n<!-- \/ Yoast SEO plugin. -->","yoast_head_json":{"title":"Nasza oferta - zielone zanurzenie","robots":{"index":"index","follow":"follow","max-snippet":"max-snippet:-1","max-image-preview":"max-image-preview:large","max-video-preview":"max-video-preview:-1"},"canonical":"https:\/\/zielonezanurzenie.pl\/?page_id=24","og_locale":"pl_PL","og_type":"article","og_title":"Nasza oferta - zielone zanurzenie","og_description":"Oferta K\u0105pieli Le\u015bnych Zapraszam Ci\u0119 na niezapomniane spotkanie z natur\u0105! Um\u00f3w si\u0119 na k\u0105piel le\u015bn\u0105 z przewodnikiem \u2013 mo\u017cesz wybra\u0107 opcj\u0119 indywidualn\u0105 lub opcj\u0119 udzia\u0142u w k\u0105pieli le\u015bnej grupowej, dopasowan\u0105 do Twoich potrzeb. Dlaczego warto? Cennik: Podane ceny obowi\u0105zuj\u0105 na terenie powiatu zielonog\u00f3rskiego, woj. lubuskie. Indywidualna wycenaZapraszam do kontaktu: Skontaktuj si\u0119 ze mn\u0105 ju\u017c dzi\u015b, &hellip; Czytaj dalej \u201eNasza oferta\u201d","og_url":"https:\/\/zielonezanurzenie.pl\/?page_id=24","og_site_name":"zielone zanurzenie","article_publisher":"https:\/\/www.facebook.com\/profile.php?id=61573322280283","article_modified_time":"2025-03-27T12:07:47+00:00","og_image":[{"width":2000,"height":1198,"url":"https:\/\/zielonezanurzenie.pl\/wp-content\/uploads\/2024\/11\/cropped-IMG_0380a-scaled-1.jpg","type":"image\/jpeg"}],"twitter_card":"summary_large_image","twitter_misc":{"Szacowany czas czytania":"2 minuty"},"schema":{"@context":"https:\/\/schema.org","@graph":[{"@type":"WebPage","@id":"https:\/\/zielonezanurzenie.pl\/?page_id=24","url":"https:\/\/zielonezanurzenie.pl\/?page_id=24","name":"Nasza oferta - zielone zanurzenie","isPartOf":{"@id":"https:\/\/zielonezanurzenie.pl\/#website"},"primaryImageOfPage":{"@id":"https:\/\/zielonezanurzenie.pl\/?page_id=24#primaryimage"},"image":{"@id":"https:\/\/zielonezanurzenie.pl\/?page_id=24#primaryimage"},"thumbnailUrl":"https:\/\/zielonezanurzenie.pl\/wp-content\/uploads\/2024\/11\/cropped-IMG_0380a-scaled-1.jpg","datePublished":"2024-11-22T22:57:25+00:00","dateModified":"2025-03-27T12:07:47+00:00","breadcrumb":{"@id":"https:\/\/zielonezanurzenie.pl\/?page_id=24#breadcrumb"},"inLanguage":"pl-PL","potentialAction":[{"@type":"ReadAction","target":["https:\/\/zielonezanurzenie.pl\/?page_id=24"]}]},{"@type":"ImageObject","inLanguage":"pl-PL","@id":"https:\/\/zielonezanurzenie.pl\/?page_id=24#primaryimage","url":"https:\/\/zielonezanurzenie.pl\/wp-content\/uploads\/2024\/11\/cropped-IMG_0380a-scaled-1.jpg","contentUrl":"https:\/\/zielonezanurzenie.pl\/wp-content\/uploads\/2024\/11\/cropped-IMG_0380a-scaled-1.jpg","width":2000,"height":1198},{"@type":"BreadcrumbList","@id":"https:\/\/zielonezanurzenie.pl\/?page_id=24#breadcrumb","itemListElement":[{"@type":"ListItem","position":1,"name":"Home","item":"https:\/\/zielonezanurzenie.pl\/"},{"@type":"ListItem","position":2,"name":"Nasza oferta"}]},{"@type":"WebSite","@id":"https:\/\/zielonezanurzenie.pl\/#website","url":"https:\/\/zielonezanurzenie.pl\/","name":"zielone zanurzenie","description":"Zanurz si\u0119 w zieleni razem z naszym wsparciem. Odkryj swoj\u0105 \u015bcie\u017ck\u0119 wsp\u00f3\u0142pracy \u2013 od projektu przestrzeni, przez kontakt z natur\u0105, po sztuk\u0119 inspirowan\u0105 jej pi\u0119knem.","publisher":{"@id":"https:\/\/zielonezanurzenie.pl\/#organization"},"alternateName":"k\u0105piele le\u015bne ZZ","potentialAction":[{"@type":"SearchAction","target":{"@type":"EntryPoint","urlTemplate":"https:\/\/zielonezanurzenie.pl\/?s={search_term_string}"},"query-input":{"@type":"PropertyValueSpecification","valueRequired":true,"valueName":"search_term_string"}}],"inLanguage":"pl-PL"},{"@type":"Organization","@id":"https:\/\/zielonezanurzenie.pl\/#organization","name":"zielone zanurzenie","url":"https:\/\/zielonezanurzenie.pl\/","logo":{"@type":"ImageObject","inLanguage":"pl-PL","@id":"https:\/\/zielonezanurzenie.pl\/#\/schema\/logo\/image\/","url":"https:\/\/zielonezanurzenie.pl\/wp-content\/uploads\/2024\/11\/Projekt-bez-nazwy-1.jpg","contentUrl":"https:\/\/zielonezanurzenie.pl\/wp-content\/uploads\/2024\/11\/Projekt-bez-nazwy-1.jpg","width":500,"height":500,"caption":"zielone zanurzenie"},"image":{"@id":"https:\/\/zielonezanurzenie.pl\/#\/schema\/logo\/image\/"},"sameAs":["https:\/\/www.facebook.com\/profile.php?id=61573322280283","https:\/\/pl.pinterest.com\/ZZieloneZanurzenie\/","https:\/\/www.instagram.com\/kapielelesne_zz\/","https:\/\/www.youtube.com\/@KpieleleneZZ"]}]}},"jetpack_sharing_enabled":true,"_links":{"self":[{"href":"https:\/\/zielonezanurzenie.pl\/index.php?rest_route=\/wp\/v2\/pages\/24","targetHints":{"allow":["GET"]}}],"collection":[{"href":"https:\/\/zielonezanurzenie.pl\/index.php?rest_route=\/wp\/v2\/pages"}],"about":[{"href":"https:\/\/zielonezanurzenie.pl\/index.php?rest_route=\/wp\/v2\/types\/page"}],"author":[{"embeddable":true,"href":"https:\/\/zielonezanurzenie.pl\/index.php?rest_route=\/wp\/v2\/users\/1"}],"replies":[{"embeddable":true,"href":"https:\/\/zielonezanurzenie.pl\/index.php?rest_route=%2Fwp%2Fv2%2Fcomments&post=24"}],"version-history":[{"count":10,"href":"https:\/\/zielonezanurzenie.pl\/index.php?rest_route=\/wp\/v2\/pages\/24\/revisions"}],"predecessor-version":[{"id":236,"href":"https:\/\/zielonezanurzenie.pl\/index.php?rest_route=\/wp\/v2\/pages\/24\/revisions\/236"}],"wp:featuredmedia":[{"embeddable":true,"href":"https:\/\/zielonezanurzenie.pl\/index.php?rest_route=\/wp\/v2\/media\/50"}],"wp:attachment":[{"href":"https:\/\/zielonezanurzenie.pl\/index.php?rest_route=%2Fwp%2Fv2%2Fmedia&parent=24"}],"curies":[{"name":"wp","href":"https:\/\/api.w.org\/{rel}","templated":true}]}}